t is the ten thousands digit of 220088?
2
What is the units digit of 903232?
2
What is the hundreds digit of 2368243?
2
What is the units digit of 258081?
1
What is the ten thousands digit of 2532251?
3
What is the millions digit of 1647005?
1
What is the millions digit of 1242986?
1
What is the ten thousands digit of 951042?
5
What is the millions digit of 33528134?
3
What is the thousands digit of 194051?
4
What is the ten thousands digit of 157363?
5
What is the hundreds digit of 408137?
1
What is the ten thousands digit of 3292130?
9
What is the hundred thousands digit of 3080698?
0
What is the tens digit of 561?
6
What is the hundred thousands digit of 8935783?
9
What is the ten thousands digit of 3306587?
0
What is the millions digit of 2482453?
2
What is the hundreds digit of 853369?
3
What is the hundreds digit of 188539?
5
What is the units digit of 3694163?
3
What is the ten thousands digit of 200775?
0
What is the hundred thousands digit of 112468?
1
What is the hundreds digit of 498420?
4
What is the hundreds digit of 1542391?
3
What is the tens digit of 871434?
3
What is the millions digit of 5472363?
5
What is the hundreds digit of 19811239?
2
What is the units digit of 892765?
5
What is the ten thousands digit of 6343224?
4
What is the ten millions digit of 14296317?
1
What is the tens digit of 8591366?
6
What is the tens digit of 1993672?
7
What is the tens digit of 29651?
5
What is the units digit of 16775779?
9
What is the units digit of 10644622?
2
What is the hundreds digit of 2611380?
3
What is the units digit of 212063?
3
What is the millions digit of 7661836?
7
What is the ten millions digit of 19352678?
1
What is the ten thousands digit of 10417558?
1
What is the units digit of 937146?
6
What is the thousands digit of 343564?
3
What is the ten thousands digit of 2948604?
4
What is the hundreds digit of 620665?
6
What is the units digit of 1560299?
9
What is the ten thousands digit of 2775755?
7
What is the units digit of 3778851?
1
What is the hundred thousands digit of 1087038?
0
What is the hundreds digit of 3226973?
9
What is the units digit of 16650?
0
What is the ten thousands digit of 860753?
6
What is the ten thousands digit of 317159?
1
What is the ten thousands digit of 2242640?
4
What is the units digit of 1328484?
4
What is the millions digit of 2587285?
2
What is the thousands digit of 10600075?
0
What is the millions digit of 1053452?
1
What is the thousands digit of 587799?
7
What is the units digit of 41794?
4
What is the thousands digit of 634166?
4
What is the hundreds digit of 621519?
5
What is the millions digit of 5683910?
5
What is the hundred thousands digit of 14459856?
4
What is the millions digit of 2216380?
2
What is the tens digit of 23448799?
9
What is the tens digit of 303357?
5
What is the hundreds digit of 95089?
0
What is the units digit of 1446815?
5
What is the hundred thousands digit of 24810636?
8
What is the ten thousands digit of 782156?
8
What is the hundred thousands digit of 2249179?
2
What is the hundreds digit of 1689131?
1
What is the units digit of 3778394?
4
What is the ten thousands digit of 88774?
8
What is the tens digit of 107731?
3
What is the hundred thousands digit of 3200532?
2
What is the ten thousands digit of 4462775?
6
What is the hundreds digit of 4518437?
4
What is the millions digit of 7978293?
7
What is the ten thousands digit of 435334?
3
What is the units digit of 10666453?
3
What is the hundreds digit of 457730?
7
What is the thousands digit of 2004230?
4
What is the ten millions digit of 12665112?
1
What is the ten millions digit of 25429484?
2
What is the thousands digit of 971958?
1
What is the thousands digit of 1752985?
2
What is the hundred thousands digit of 1340120?
3
What is the ten millions digit of 15830805?
1
What is the ten thousands digit of 10984863?
8
What is the units digit of 277381?
1
What is the units digit of 866230?
0
What is the hundred thousands digit of 397141?
3
What is the thousands digit of 3741926?
1
What is the tens digit of 1048465?
6
What is the units digit of 109128?
8
What is the units digit of 167446?
6
What is the thousands digit of 158183?
8
What is the tens digit of 4834594?
9
What is the ten thousands digit of 892214?
9
What is the ten thousands digit of 489752?
8
What is the hundred thousands digit of 457971?
4
What is the hundred thousands digit of 363486?
3
What is the tens digit of 849625?
2
What is the units digit of 177608?
8
What is the millions digit of 2009721?
2
What is the thousands digit of 108205?
8
What is the tens digit of 588147?
4
What is the tens digit of 2475716?
1
What is the ten thousands digit of 1552076?
5
What is the tens digit of 12154989?
8
What is the ten thousands digit of 1449971?
4
What is the hundred thousands digit of 105554?
1
What is the hundreds digit of 230550?
5
What is the ten thousands digit of 919598?
1
What is the thousands digit of 973749?
3
What is the hundred thousands digit of 174914?
1
What is the ten thousands digit of 1097899?
9
What is the units digit of 582950?
0
What is the units digit of 398508?
8
What is the tens digit of 345756?
5
What is the ten millions digit of 15524047?
1
What is the hundred thousands digit of 29502043?
5
What is the thousands digit of 29463471?
3
What is the ten thousands digit of 956682?
5
What is the units digit of 2532056?
6
What is the ten thousands digit of 223344?
2
What is the thousands digit of 3617163?
7
What is the ten thousands digit of 1310910?
1
What is the hundreds digit of 8807258?
2
What is the millions digit of 4339714?
4
What is the ten thousands digit of 3698627?
9
What is the thousands digit of 717638?
7
What is the ten thousands digit of 6237569?
3
What is the millions digit of 2573906?
2
What is the hundreds digit of 269275?
2
What is the tens digit of 190899?
9
What is the units digit of 2035436?
6
What is the thousands digit of 241957?
1
What is the thousands digit of 7873267?
3
What is the units digit of 25669421?
1
What is the thousands digit of 7760453?
0
What is the hundreds digit of 680897?
8
What is the ten thousands digit of 918254?
1
What is the thousands digit of 267759?
7
What is the thousands digit of 7001669?
1
What is the thousands digit of 236522?
6
What is the hundreds digit of 1297669?
6
What is the ten thousands digit of 3230052?
3
What is the thousands digit of 2530968?
0
What is the units digit of 13828916?
6
What is the hundreds digit of 121997?
9
What is the ten thousands digit of 12539728?
3
What is the units digit of 62786?
6
What is the tens digit of 2020899?
9
What is the ten thousands digit of 13343212?
4
What is the units digit of 15862569?
9
What is the thousands digit of 516959?
6
What is the thousands digit of 23359237?
9
What is the tens digit of 692336?
3
What is the units digit of 336103?
3
What is the thousands digit of 8034659?
4
What is the hundreds digit of 12720825?
8
What is the tens digit of 1230745?
4
What is the tens digit of 5679412?
1
What is the millions digit of 1663058?
1
What is the tens digit of 1910784?
8
What is the tens digit of 905140?
4
What is the hundred thousands digit of 2392680?
3
What is the thousands digit of 8094056?
4
What is the tens digit of 124585?
8
What is the ten thousands digit of 464060?
6
What is the ten thousands digit of 138053?
3
What is the tens digit of 227589?
8
What is the ten thousands digit of 26093970?
9
What is the hundred thousands digit of 342968?
3
What is the hundreds digit of 384800?
8
What is the hundreds digit of 2787258?
2
What is the hundred thousands digit of 541476?
5
What is the tens digit of 12031348?
4
What is the hundreds digit of 123033?
0
What is the tens digit of 6238203?
0
What is the tens digit of 6914443?
4
What is the units digit of 1262045?
5
What is the hundreds digit of 542357?
3
What is the hundred thousands digit of 1090405?
0
What is the thousands digit of 176199?
6
What is the thousands digit of 78605?
8
What is the hundred thousands digit of 445951?
4
What is the ten thousands digit of 349397?
4
What is the tens digit of 2954563?
6
What is the ten thousands digit of 128349?
2
What is the hundred thousands digit of 800990?
8
What is the thousands digit of 7111375?
1
What is the units digit of 4524023?
3
W